.
2
Suppose -17 = -2*r - 3*f, -3*r + 0*f = f - 15. Let n = r - -13. What are the prime factors of n?
17
Suppose -3*d = -176 - 25. List the prime factors of d.
67
Let k(d) = -d**3 - 2*d**2 + 3*d + 2. Let r be k(-3). Let q(c) = 7*c**3 + 2*c. Let y be q(r). What are the prime factors of (-4)/10*y/(-2)?
2, 3
Suppose -3*j + j = -8. Suppose -2*q = q + 5*c - 157, 0 = q - j*c - 75. What are the prime factors of q?
59
Let d be (2/(-4))/(2/8). List the prime factors of d/5 + (-67)/(-5).
13
Suppose -16*i + 105 = -13*i. List the prime factors of i.
5, 7
Suppose -3*o - 4*q = -q - 12, -4 = 4*q. Suppose 3*i + 5*c - 23 = 0, 2*c + 10 = o*i - 49. What are the prime factors of i?
11
Suppose 4*g - 329 = -0*g + c, -4*c - 154 = -2*g. List the prime factors of g.
83
Suppose -11*s + 3084 = -491. What are the prime factors of s?
5, 13
Let v(i) = -188*i + 4. List the prime factors of v(-1).
2, 3
Suppose -k = 4*a - 38, 4*k - 116 = a + a. Suppose -5*z - 18 = -3*v, v + z - k = -4*v. What are the prime factors of 1 + 1 + v/1?
2
Let o = 58 - 22. What are the prime factors of o?
2, 3
Let p = -75 - -84. What are the prime factors of p?
3
Let n(y) = -y**3 - 14*y**2 - 4*y - 11. What are the prime factors of n(-14)?
3, 5
Let n be (-88)/(-9) + (-8)/(-36). Let l = n + -6. Suppose l*p - 36 = p - 2*v, -15 = -5*v. What are the prime factors of p?
2, 5
Let u = -6 + 12. Suppose -4*k - u = -k. What are the prime factors of -2*-1*(0 - k)?
2
Suppose 18*v - 22*v + 44 = 0. List the prime factors of v.
11
Suppose 3*d - 204 = 4*f, 0 = -3*f + 2*f + 3. List the prime factors of d.
2, 3
Let w(z) = -z**3 + 4*z**2 + 7*z + 1. Let r = 17 + -12. List the prime factors of w(r).
11
Let k be (-4)/(-6) + 32/6. Suppose -5*y - 4 - k = -2*p, -15 = -4*y - 3*p. Let o = y + 5. What are the prime factors of o?
5
Suppose 6 = x + 3. Suppose 5*b = -3*o + 2*o + x, o - 3 = -b. List the prime factors of o.
3
Let i(t) = -t**2 + t + 8. Let l be i(0). Suppose -s + 3*s + 2*b = l, s = b. What are the prime factors of 3/s*60/5?
2, 3
Let r be 224/35 - (-4)/(-10). Let m = 15 - r. What are the prime factors of m?
3
Let v be (-1 - 0)/(1/(-2)). Suppose d + 4 = 3*n, 2*d - 32 = -v*n - 0*n. What are the prime factors of d?
11
Let w = 14 - 10. Suppose -72 = -w*c + 2*c. List the prime factors of c.
2, 3
Suppose 2*r + 1572 = 8*r. What are the prime factors of r?
2, 131
Suppose 0 = g - 2*i - 2, 5*g - 7*i + 2*i = 10. What are the prime factors of ((-12)/9)/g*-6?
2
Let z be (-3 + (-16)/(-6))*-15. Suppose z*b = -20, 4*n = -4*b + 2*b - 16. List the prime factors of -12*n/(-4)*-1.
2, 3
Let c(w) = -2*w**3 - 3*w**2 - w + 4. Let o be c(-3). Suppose -5*t + o - 9 = 0. What are the prime factors of t?
5
Suppose -5*g - 28 = -6*g. Suppose r + 8*p = 3*p + 32, 0 = -3*r + 2*p + g. List the prime factors of r.
2, 3
Let h(t) be the first derivative of t**4/4 + 10*t**3/3 - 2*t**2 - 15*t + 3. What are the prime factors of h(-10)?
5
Suppose 0*g = 2*g - 4. List the prime factors of g.
2
Suppose 0 = -2*x + 4*a + 12, -3*x - 2*a + 1 + 1 = 0. Let y(s) = -6*s**2 - 2. Let k be y(x). Let c = -10 - k. List the prime factors of c.
2
Let c be (-2 + 43)*-1 + 2. List the prime factors of 8/(-12)*c/2.
13
Let y(q) = -q**3 + 6*q**2 - 6*q + 3. Let v be y(4). Suppose 3*u = 4*h + v, 4*u + 5*h = -0*u + 25. Let s(j) = j + 1. What are the prime factors of s(u)?
2, 3
Suppose 0*p = 3*p - 6. What are the prime factors of (0 + p)/((-30)/(-405))?
3
What are the prime factors of (-2)/(-12) + (-1558)/(-12)?
2, 5, 13
Let z = -2 - -1. Let r be (6/(-8))/(z/(-12)). Let u = r - -19. List the prime factors of u.
2, 5
Let m be (-27)/(-2) + 5/(-10). Suppose -55 - m = -2*j. List the prime factors of j.
2, 17
Suppose 2*k = 4 + 18. What are the prime factors of k?
11
Let r(s) = 5*s - 5. Let k be r(6). Suppose -k = -6*g + g. Suppose -2*u + 0*v = -v - 11, -5*v = -g*u + 20. List the prime factors of u.
7
What are the prime factors of ((-52)/65)/(1/(-120))?
2, 3
Let o(n) be the first derivative of n**6/180 - n**5/24 + n**4/12 - n**3/3 + 2. Let s(y) be the third derivative of o(y). List the prime factors of s(3).
5
Let r be (-312)/(-10) + (-6)/30. Suppose -3*n + 32 = -r. List the prime factors of n.
3, 7
Suppose 5*y - 2 = 23. Suppose 3*a - 20 = -y*b, 5*b - 4*a - 29 + 9 = 0. What are the prime factors of b?
2
Suppose 6*t - t + 27 = -z, 3*t + 19 = -2*z. Let g = t + 9. What are the prime factors of g?
2
Let f be -1*(0/3 - 0). What are the prime factors of (1 + f - 6)*-1?
5
Let p(u) = u**2 - 6*u - 4. Let n be p(7). Let k(s) be the first derivative of 2*s**3/3 + s**2/2 - 3*s - 1. List the prime factors of k(n).
2, 3
Let v be 5 - (-2 + 0/(-2)). Let p = 18 - v. List the prime factors of p.
11
Let a(d) = 6*d**3 - 13*d**2 - 15*d - 5. Let u(p) = 7*p**3 - 14*p**2 - 16*p - 6. Let x(s) = -6*a(s) + 5*u(s). List the prime factors of x(9).
3
Let r = -2 + -3. Suppose 3*y + 3*s + 24 = 0, -2*y - y + 2*s = 24. Let g = r - y. List the prime factors of g.
3
Let n(d) = -d**3 - 9*d**2 + 10*d + 13. Suppose 0 = -i - 2, b + 24 = -4*i + 6. List the prime factors of n(b).
13
Let c(n) = -n. Suppose -4 = -2*r - 12. Let h be c(r). Suppose -5*i + h*i + 14 = 2*b, -14 = -5*i + 4*b. List the prime factors of i.
2, 3
Suppose -4*f + 2*f + 56 = 0. List the prime factors of f.
2, 7
Let l(w) = 9*w - 2. Let r be l(-4). Let z = r - -99. Suppose z - 5 = 5*a - 2*m, -4*m = -a + 4. List the prime factors of a.
2, 3
Let a(k) = -k**2 - 7*k + 2. Let i be a(-6). Suppose -j = -4*t + 21, j + 7 = 3*t - i. What are the prime factors of t?
2, 3
Let r be -2*(-2 + -1 + 2). Suppose 8 = r*z - 0*z. Suppose -l + 7 + 29 = z*g, l = -3*g + 26. What are the prime factors of g?
2, 5
Suppose -88 = -5*b - i, -3*b + i + 2*i = -60. Let l = b - 5. List the prime factors of l.
13
Let d be 2/(-9) + 1295/(-45). Let m = -20 - d. What are the prime factors of m?
3
Let y be (-5)/(45/6)*-3. Suppose y*m + 15 = 7*m. What are the prime factors of m?
3
Let u(k) = -16*k + 1. Let z = 9 + -9. Suppose z*h - 4*h = 4. What are the prime factors of u(h)?
17
Suppose 0 = c - 1 - 2. Suppose 3*r - c = 24. What are the prime factors of r?
3
Suppose 0 = -2*x - 4 + 10. Suppose -s = x*a - 22 + 6, 3*s = -a - 8. What are the prime factors of a?
7
Let h = 3 - 8. Let y be (-2)/(-2)*(3 + -19). Let c = h - y. List the prime factors of c.
11
Let n(g) = 12*g + 6 + 1 + g**2 + 9 - 3. List the prime factors of n(-11).
2
Suppose -q - 1 = 2*g - 24, -4*q - 40 = -4*g. Let i = 6 + g. What are the prime factors of i?
17
Let z(x) = x**2 - 4*x + 1. Let m be z(3). What are the prime factors of (-3 - m) + -1 + 5?
3
Let h be 1 + (0 + 1)*-1. Suppose -2*t + 19 + 7 = h. What are the prime factors of t?
13
Let y = -121 - -257. What are the prime factors of y?
2, 17
Let h be (0 - 46) + (4 - 2). Let f = h - -27. Let p = f + 31. List the prime factors of p.
2, 7
Suppose v = -v + 14. List the prime factors of (-1 + v - -3)/1.
3
Let t(l) = 10*l**3 + l**2 - 1. Let k be t(1). Suppose 0 = s - 0*s - k. List the prime factors of (s/1)/(5 + -4).
2, 5
What are the prime factors of 97/2*(-1 + 3)?
97
List the prime factors of (-80)/(-6) - 2/6.
13
Suppose 33 = c - 4*c. Let l = c + 28. What are the prime factors of l?
17
Suppose -c = -h - 0 + 4, -h - 5*c + 34 = 0. Let v(f) = 3*f - 8. What are the prime factors of v(h)?
19
Let x be 39/(-4) + 2/(-8). List the prime factors of (25/x)/((-2)/4).
5
What are the prime factors of 66/(12/(-8) + 3)?
2, 11
Let g(q) = 5*q**2 - 4*q**2 - 3 + q**3 - 2*q**3 - q. Let n be g(0). Let w = 9 + n. What are the prime factors of w?
2, 3
List the prime factors of (-138)/4*(-20)/15.
2, 23
Suppose -4*g + 2*g + 2 = 4*t, -5*g - 5*t - 10 = 0. Let s = -1 - g. Let r = 10 - s. List the prime factors of r.
2, 3
What are the prime factors of 1 + 95 + 8/(-4)?
2, 47
List the prime factors of (-952)/(-14) + 1 + 3.
2, 3
Let a be 0 - 0 - (-5 + 2). Suppose -a*r - 4*t = -20, -2*t + 3*t + 1 = 0. List the prime factors of r.
2
Suppose 2*k - 4*u + 7 = k, -4*k + 35 = 5*u. Suppose k*d - 2*d - 127 = h, 5*d - 207 = -3*h. What are the prime factors of d?
2, 3, 7
What are the prime factors of 2378/6 + (-17)/51?
2, 3, 11
Suppose i = -4*i + 55. Let q be (-6)/(-24) + i/4. Suppose -4*z + q*v = -77, 5*v = -16 + 1. What are the prime factors of z?
17
Suppose -6*o + 4*o - 72 = -2*q, 3*o + 72 = 2*q. List the prime factors of q.
2, 3
Let a 